{"id":53,"date":"2017-10-05T16:37:26","date_gmt":"2017-10-05T19:37:26","guid":{"rendered":"http:\/\/coreconms.org.br\/portal-transparencia\/?page_id=53"},"modified":"2025-05-30T16:21:03","modified_gmt":"2025-05-30T19:21:03","slug":"balancetes","status":"publish","type":"page","link":"https:\/\/coreconms.org.br\/portal-transparencia\/balancetes\/","title":{"rendered":"Balancetes"},"content":{"rendered":"\n<table id=\"tablepress-3\" class=\"tablepress tablepress-id-3\">\n<tbody class=\"row-hover\">\n<tr class=\"row-1 odd\">\n\t<td colspan=\"3\" class=\"column-1\"><center>Detalhamento do balan\u00e7o patrimonial, financeiro e anal\u00edtico de verifica\u00e7\u00e3o.<\/center><\/td>\n<\/tr>\n<tr class=\"row-2 even\">\n\t<td colspan=\"3\" class=\"column-1\"><center><b>2025<\/b><\/center><\/td>\n<\/tr>\n<tr class=\"row-3 odd\">\n\t<td class=\"column-1\"><center><a href=\"https:\/\/coreconms.org.br\/portal-transparencia\/wp-content\/uploads\/2026\/02\/Balanco_Patrimonia_Nivel_4_DE_RT25.pdf\">Balan\u00e7o Patrimonial 2025 <\/a><\/center><\/td><td class=\"column-2\"><center><a href=\"https:\/\/coreconms.org.br\/portal-transparencia\/wp-content\/uploads\/2026\/02\/Balanco_Financeiro_Relatorio_DE_RT-3.pdf\">Balan\u00e7o Financeiro 2025 <\/a><\/center><\/td><td class=\"column-3\"><center><a href=\"https:\/\/coreconms.org.br\/portal-transparencia\/wp-content\/uploads\/2026\/02\/Balacente_DE_RT-3.pdf\">Balancete de Verifica\u00e7\u00e3o 2025 <\/a><\/center><\/td>\n<\/tr>\n<tr class=\"row-4 even\">\n\t<td class=\"column-1\"><center><a href=\"https:\/\/coreconms.org.br\/portal-transparencia\/wp-content\/uploads\/2026\/02\/Balanco_Orcamentario_DE_RT-3.pdf\">Balan\u00e7o Or\u00e7ament\u00e1rio 2025 <\/a><\/center><br \/>\n<\/td><td class=\"column-2\"><center><a href=\"https:\/\/coreconms.org.br\/portal-transparencia\/wp-content\/uploads\/2026\/02\/Demostracao_Variacoes_Patrimoniais_DE_RT-2.pdf\">Demontra\u00e7\u00e3o das Varia\u00e7\u00f5es Patrimoniais 2025 <\/a><\/center><\/td><td class=\"column-3\"><\/td>\n<\/tr>\n<tr class=\"row-5 odd\">\n\t<td colspan=\"3\" class=\"column-1\"><center><b>2024<\/b><\/center><\/td>\n<\/tr>\n<tr class=\"row-6 even\">\n\t<td class=\"column-1\"><center><a href=\"https:\/\/coreconms.org.br\/portal-transparencia\/wp-content\/uploads\/2025\/04\/Balanco_Patrimonial_Comparado_RT.pdf\">Balan\u00e7o Patrimonial 2024 <\/a><\/center><br \/>\n<\/td><td class=\"column-2\"><center><a href=\"https:\/\/coreconms.org.br\/portal-transparencia\/wp-content\/uploads\/2025\/04\/Balanco_Financeiro_Relatorio_DE_RT.pdf\">Balan\u00e7o Financeiro 2024 <\/a><\/center><br \/>\n<\/td><td class=\"column-3\"><center><a href=\"https:\/\/coreconms.org.br\/portal-transparencia\/wp-content\/uploads\/2025\/04\/Balacente_DE_RT.pdf\">Balancete de Verifica\u00e7\u00e3o 2024 <\/a><\/center><br \/>\n<\/td>\n<\/tr>\n<tr class=\"row-7 odd\">\n\t<td class=\"column-1\"><center><a href=\"https:\/\/coreconms.org.br\/portal-transparencia\/wp-content\/uploads\/2025\/04\/Balanco_Orcamentario_DE_RT.pdf\">Balan\u00e7o Or\u00e7ament\u00e1rio 2024 <\/a><\/center><br \/>\n<\/td><td class=\"column-2\"><center><a href=\"https:\/\/coreconms.org.br\/portal-transparencia\/wp-content\/uploads\/2025\/04\/Demonstracao-de-Variacoes-Patrimoniais-.pdf\">Demontra\u00e7\u00e3o das Varia\u00e7\u00f5es Patrimoniais 2024 <\/a><\/center><br \/>\n<\/td><td class=\"column-3\"><\/td>\n<\/tr>\n<tr class=\"row-8 even\">\n\t<td colspan=\"3\" class=\"column-1\"><center><b>2023<\/b><\/center><\/td>\n<\/tr>\n<tr class=\"row-9 odd\">\n\t<td class=\"column-1\"><center><a href=\"https:\/\/coreconms.org.br\/portal-transparencia\/wp-content\/uploads\/2024\/04\/Balanco_Patrimonia_Nivel_4_DE_RT_assinado.pdf\">Balan\u00e7o Patrimonial 2023<\/a><\/center><\/td><td class=\"column-2\"><center><a href=\"https:\/\/coreconms.org.br\/portal-transparencia\/wp-content\/uploads\/2024\/04\/Balanco_Financeiro_Relatorio_DE_RT_assinado.pdf\">Balan\u00e7o Financeiro 2023<\/a><\/center><\/td><td class=\"column-3\"><center><a href=\"https:\/\/coreconms.org.br\/portal-transparencia\/wp-content\/uploads\/2024\/04\/Balacente_DE_RT_assinado.pdf\">Balancete de Verifica\u00e7\u00e3o 2023 <\/a><\/center><\/td>\n<\/tr>\n<tr class=\"row-10 even\">\n\t<td class=\"column-1\"><\/td><td class=\"column-2\"><center><a href=\"https:\/\/coreconms.org.br\/portal-transparencia\/wp-content\/uploads\/2024\/04\/Balanco_Orcamentario_DE_RT_assinado.pdf\">Balan\u00e7o Or\u00e7ament\u00e1rio 2023<\/a><\/center><\/td><td class=\"column-3\"><center><a href=\"https:\/\/coreconms.org.br\/portal-transparencia\/wp-content\/uploads\/2024\/04\/Demostracao_Variacoes_Patrimoniais_DE_RT_assinado.pdf\">Demonstra\u00e7\u00e3o das Varia\u00e7\u00f5es Patrimoniais 2023 <\/a><\/center><\/td>\n<\/tr>\n<tr class=\"row-11 odd\">\n\t<td colspan=\"3\" class=\"column-1\"><center><b>2022<\/b><\/center><\/td>\n<\/tr>\n<tr class=\"row-12 even\">\n\t<td class=\"column-1\"><center><a href=\"http:\/\/coreconms.org.br\/portal-transparencia\/wp-content\/uploads\/2023\/03\/PATRIMONIAL.pdf\">Balan\u00e7o Patrimonial 2022<\/a><\/center><\/td><td class=\"column-2\"><center><a href=\"http:\/\/coreconms.org.br\/portal-transparencia\/wp-content\/uploads\/2023\/03\/FINANCEIRO.pdf\">Balan\u00e7o Financeiro 2022<\/a><\/center><\/td><td class=\"column-3\"><center><a href=\"http:\/\/coreconms.org.br\/portal-transparencia\/wp-content\/uploads\/2023\/03\/VERIFICA\u00c7\u00c3O.pdf\">Balancete de Verifica\u00e7\u00e3o 2022 <\/a><\/center><\/td>\n<\/tr>\n<tr class=\"row-13 odd\">\n\t<td class=\"column-1\"><\/td><td class=\"column-2\"><center><a href=\"http:\/\/coreconms.org.br\/portal-transparencia\/wp-content\/uploads\/2023\/03\/OR\u00c7AMENTATIO.pdf\">Balan\u00e7o Or\u00e7ament\u00e1rio 2022<\/a><\/center><\/td><td class=\"column-3\"><center><a href=\"http:\/\/coreconms.org.br\/portal-transparencia\/wp-content\/uploads\/2023\/03\/DEMOSTRA\u00c7\u00c3O.pdf\">Demonstra\u00e7\u00e3o das Varia\u00e7\u00f5es Patrimoniais 2022<\/a><\/center><\/td>\n<\/tr>\n<tr class=\"row-14 even\">\n\t<td colspan=\"3\" class=\"column-1\"><center><b>2021<\/b><\/center><\/td>\n<\/tr>\n<tr class=\"row-15 odd\">\n\t<td class=\"column-1\"><center><a href=\"http:\/\/coreconms.org.br\/portal-transparencia\/wp-content\/uploads\/2022\/02\/Balanco_Patrimonia_Nivel_4_DE_RT.pdf\">Balan\u00e7o Patrimonial 2021<\/a><\/center><\/td><td class=\"column-2\"><center><a href=\"http:\/\/coreconms.org.br\/portal-transparencia\/wp-content\/uploads\/2022\/02\/Balanco_Financeiro_Relatorio_DE_RT.pdf\">Balan\u00e7o Financeiro 2021<\/a><\/center><\/td><td class=\"column-3\"><center><a href=\"http:\/\/coreconms.org.br\/portal-transparencia\/wp-content\/uploads\/2022\/02\/Balacente_DE_RT.pdf\">Balancete de Verifica\u00e7\u00e3o 2021 <\/a><\/center><\/td>\n<\/tr>\n<tr class=\"row-16 even\">\n\t<td class=\"column-1\"><\/td><td class=\"column-2\"><center><a href=\"http:\/\/coreconms.org.br\/portal-transparencia\/wp-content\/uploads\/2022\/02\/Balanco_Orcamentario_DE_RT.pdf\">Balan\u00e7o Or\u00e7ament\u00e1rio 2021<\/a><\/center><\/td><td class=\"column-3\"><center><a href=\"http:\/\/coreconms.org.br\/portal-transparencia\/wp-content\/uploads\/2022\/02\/Demostracao_Variacoes_Patrimoniais_DE_RT.pdf\">Demonstra\u00e7\u00e3o das Varia\u00e7\u00f5es Patrimoniais 2021<\/a><\/center><\/td>\n<\/tr>\n<tr class=\"row-17 odd\">\n\t<td colspan=\"3\" class=\"column-1\"><center><b>2020<\/b><\/center><\/td>\n<\/tr>\n<tr class=\"row-18 even\">\n\t<td class=\"column-1\"><center><a href=\"http:\/\/coreconms.org.br\/portal-transparencia\/wp-content\/uploads\/2021\/02\/Balanco_Patrimonia_Nivel_4_DE_RT.pdf\">Balan\u00e7o Patrimonial 2020<\/a><\/center><\/td><td class=\"column-2\"><center><a href=\"http:\/\/coreconms.org.br\/portal-transparencia\/wp-content\/uploads\/2021\/02\/Balanco_Financeiro_Relatorio_DE_RT.pdf\">Balan\u00e7o Financeiro 2020<\/a><\/center><\/td><td class=\"column-3\"><center><a href=\"http:\/\/coreconms.org.br\/portal-transparencia\/wp-content\/uploads\/2021\/02\/Balacente_DE_RT.pdf\">Balancete de Verifica\u00e7\u00e3o 2020 <\/a><\/center><\/td>\n<\/tr>\n<tr class=\"row-19 odd\">\n\t<td class=\"column-1\"><\/td><td class=\"column-2\"><center><a href=\"http:\/\/coreconms.org.br\/portal-transparencia\/wp-content\/uploads\/2021\/02\/Balanco_Orcamentario_DE_RT.pdf\">Balan\u00e7o Or\u00e7ament\u00e1rio 2020<\/a><\/center><\/td><td class=\"column-3\"><center><a href=\"http:\/\/coreconms.org.br\/portal-transparencia\/wp-content\/uploads\/2021\/02\/Demostracao_Variacoes_Patrimoniais_DE_RT.pdf\">Demonstra\u00e7\u00e3o das Varia\u00e7\u00f5es Patrimoniais 2020<\/a><\/center><\/td>\n<\/tr>\n<tr class=\"row-20 even\">\n\t<td colspan=\"3\" class=\"column-1\"><center><b>2019<\/b><\/center><\/td>\n<\/tr>\n<tr class=\"row-21 odd\">\n\t<td class=\"column-1\"><center><a href=\"http:\/\/coreconms.org.br\/portal-transparencia\/wp-content\/uploads\/2020\/05\/Balan\u00e7o-Patrimonial-2019.pdf\">Balan\u00e7o Patrimonial 2019<\/a><\/center><\/td><td class=\"column-2\"><center><a href=\"http:\/\/coreconms.org.br\/portal-transparencia\/wp-content\/uploads\/2020\/05\/Balan\u00e7o-Financeiro-2019.pdf\">Balan\u00e7o Financeiro 2019<\/a><\/center><\/td><td class=\"column-3\"><center><a href=\"http:\/\/coreconms.org.br\/portal-transparencia\/wp-content\/uploads\/2020\/05\/Balancete-Anal\u00edtico-de-Verifica\u00e7\u00e3o-2019.pdf\">Balancete Anal\u00edtico de Verifica\u00e7\u00e3o 2019<\/a><\/center><\/td>\n<\/tr>\n<tr class=\"row-22 even\">\n\t<td class=\"column-1\"><\/td><td class=\"column-2\"><center><a href=\"http:\/\/coreconms.org.br\/portal-transparencia\/wp-content\/uploads\/2020\/05\/Balan\u00e7o-Or\u00e7ament\u00e1rio-2019.pdf\">Balan\u00e7o Or\u00e7ament\u00e1rio 2019<\/a><\/center><\/td><td class=\"column-3\"><center><a href=\"http:\/\/coreconms.org.br\/portal-transparencia\/wp-content\/uploads\/2020\/05\/Demonstrativo-das-Varia\u00e7\u00f5es-Patrimoniais-2019.pdf\">Demonstra\u00e7\u00f5es das Varia\u00e7\u00f5es Patrimoniais 2019<\/a><\/center><\/td>\n<\/tr>\n<tr class=\"row-23 odd\">\n\t<td colspan=\"3\" class=\"column-1\"><center><b>2018<\/b><\/center><\/td>\n<\/tr>\n<tr class=\"row-24 even\">\n\t<td class=\"column-1\"><center><a href=\"http:\/\/coreconms.org.br\/portal-transparencia\/wp-content\/uploads\/2019\/06\/Balan\u00e7o-Patrimonial.pdf\">Balan\u00e7o Patrimonial 2018<\/a><\/center><\/td><td class=\"column-2\"><center><a href=\"http:\/\/coreconms.org.br\/portal-transparencia\/wp-content\/uploads\/2019\/06\/Balan\u00e7o-Financeiro-1.pdf\">Balan\u00e7o Financeiro 2018<\/a><\/center><\/td><td class=\"column-3\"><center><a href=\"http:\/\/coreconms.org.br\/portal-transparencia\/wp-content\/uploads\/2019\/06\/Balancete-Anal\u00edtico-de-Verifica\u00e7\u00e3o.pdf\">Balancete Anal\u00edtico de Verifica\u00e7\u00e3o 2018<\/a><\/center><\/td>\n<\/tr>\n<tr class=\"row-25 odd\">\n\t<td class=\"column-1\"><\/td><td class=\"column-2\"><center><a href=\"http:\/\/coreconms.org.br\/portal-transparencia\/wp-content\/uploads\/2019\/06\/Balan\u00e7o-Or\u00e7ament\u00e1rio-2.pdf\">Balan\u00e7o Or\u00e7ament\u00e1rio 2018<\/a><\/center><\/td><td class=\"column-3\"><center><a href=\"http:\/\/coreconms.org.br\/portal-transparencia\/wp-content\/uploads\/2019\/06\/Demonstra\u00e7\u00f5es-das-Varia\u00e7\u00f5es-Patrimoniais.pdf\">Demonstra\u00e7\u00f5es das Varia\u00e7\u00f5es Patrimoniais 2018<\/a><\/center><\/td>\n<\/tr>\n<tr class=\"row-26 even\">\n\t<td colspan=\"3\" class=\"column-1\"><center><b>2017<\/b><\/center><\/td>\n<\/tr>\n<tr class=\"row-27 odd\">\n\t<td class=\"column-1\"><center><a href=\"http:\/\/coreconms.org.br\/portal-transparencia\/wp-content\/uploads\/2018\/03\/Balan\u00e7o-Patrimonial-2017.pdf\">Balan\u00e7o Patrimonial 2017<\/a><\/center><\/td><td class=\"column-2\"><center><a href=\"http:\/\/coreconms.org.br\/portal-transparencia\/wp-content\/uploads\/2018\/03\/Balan\u00e7o-Financeiro-2017.pdf\">Balan\u00e7o Financeiro 2017<\/a><\/center><\/td><td class=\"column-3\"><center><a href=\"http:\/\/coreconms.org.br\/portal-transparencia\/wp-content\/uploads\/2018\/04\/Balancete-Anal\u00edtico-de-Verifica\u00e7\u00e3o-2017.pdf\">Balancete Anal\u00edtico de Verifica\u00e7\u00e3o 2017<\/a><\/center><\/td>\n<\/tr>\n<tr class=\"row-28 even\">\n\t<td class=\"column-1\"><\/td><td class=\"column-2\"><center><a href=\"http:\/\/coreconms.org.br\/portal-transparencia\/wp-content\/uploads\/2018\/05\/Balan\u00e7o-Or\u00e7ament\u00e1rio-2017.pdf\">Balan\u00e7o Or\u00e7ament\u00e1rio 2017<\/a><center\/><\/td><td class=\"column-3\"><center><a href=\"http:\/\/coreconms.org.br\/portal-transparencia\/wp-content\/uploads\/2018\/05\/Demonstrativo-das-Varia\u00e7\u00f5es-Patrimoniais-2017.pdf\">Demonstrativo das Varia\u00e7\u00f5es Patrimoniais 2017<\/a><center\/><\/td>\n<\/tr>\n<tr class=\"row-29 odd\">\n\t<td colspan=\"3\" class=\"column-1\"><center><b>2016<\/b><\/center><\/td>\n<\/tr>\n<tr class=\"row-30 even\">\n\t<td class=\"column-1\"><center><a href=\"http:\/\/coreconms.org.br\/portal-transparencia\/wp-content\/uploads\/2018\/03\/Balan\u00e7o-Patrimonial-2016.pdf\">Balan\u00e7o Patrimonial 2016<\/a><\/center><\/td><td class=\"column-2\"><center><a href=\"http:\/\/coreconms.org.br\/portal-transparencia\/wp-content\/uploads\/2018\/03\/Balan\u00e7o-Financeiro-2016.pdf\">Balan\u00e7o Financeiro 2016<\/a><\/center><\/td><td class=\"column-3\"><center><a href=\"http:\/\/coreconms.org.br\/portal-transparencia\/wp-content\/uploads\/2018\/04\/Balancete-Anal\u00edtico-de-Verifica\u00e7\u00e3o-2016.pdf\">Balancete Anal\u00edtico de Verifica\u00e7\u00e3o 2016<\/a><\/center><\/td>\n<\/tr>\n<tr class=\"row-31 odd\">\n\t<td class=\"column-1\"><\/td><td class=\"column-2\"><center><a href=\"http:\/\/coreconms.org.br\/portal-transparencia\/wp-content\/uploads\/2018\/05\/Balan\u00e7o-Or\u00e7ament\u00e1rio-2016.pdf\">Balan\u00e7o Or\u00e7ament\u00e1rio 2016<\/a><\/center><\/td><td class=\"column-3\"><center><a href=\"http:\/\/coreconms.org.br\/portal-transparencia\/wp-content\/uploads\/2018\/05\/Demonstrativo-das-Varia\u00e7\u00f5es-Patrimoniais-2016.pdf\">Demonstrativo das Varia\u00e7\u00f5es Patrimoniais 2016<\/a><\/center><\/td>\n<\/tr>\n<tr class=\"row-32 even\">\n\t<td colspan=\"3\" class=\"column-1\"><center><b>2015<\/b><\/center><\/td>\n<\/tr>\n<tr class=\"row-33 odd\">\n\t<td class=\"column-1\"><center><a href=\"http:\/\/coreconms.org.br\/portal-transparencia\/wp-content\/uploads\/2018\/03\/Balan\u00e7o-Patrimonial-2015.pdf\">Balan\u00e7o Patrimonial 2015<\/a><\/center><\/td><td class=\"column-2\"><center><a href=\"http:\/\/coreconms.org.br\/portal-transparencia\/wp-content\/uploads\/2018\/03\/Balan\u00e7o-Financeiro-2015.pdf\">Balan\u00e7o Financeiro 2015<\/a><\/center><\/td><td class=\"column-3\"><center><a href=\"http:\/\/coreconms.org.br\/portal-transparencia\/wp-content\/uploads\/2018\/04\/Balancete-Anal\u00edtico-de-Verifica\u00e7\u00e3o-2015.pdf\">Balancete Anal\u00edtico de Verifica\u00e7\u00e3o 2015<\/a><\/center><\/td>\n<\/tr>\n<tr class=\"row-34 even\">\n\t<td class=\"column-1\"><\/td><td class=\"column-2\"><center><a href=\"http:\/\/coreconms.org.br\/portal-transparencia\/wp-content\/uploads\/2018\/05\/Balan\u00e7o-Or\u00e7ament\u00e1rio-2015.pdf\">Balan\u00e7o Or\u00e7ament\u00e1rio 2015<\/a><\/center><\/td><td class=\"column-3\"><center><a href=\"http:\/\/coreconms.org.br\/portal-transparencia\/wp-content\/uploads\/2018\/05\/Demonstrativo-das-Varia\u00e7\u00f5es-Patrimoniais-2015.pdf\">Demonstrativo das Varia\u00e7\u00f5es Patrimoniais 2015<\/a><\/center><\/td>\n<\/tr>\n<\/tbody>\n<\/table>\n<!-- #tablepress-3 from cache -->\n","protected":false},"excerpt":{"rendered":"","protected":false},"author":1,"featured_media":0,"parent":0,"menu_order":0,"comment_status":"closed","ping_status":"closed","template":"","meta":{"footnotes":""},"_links":{"self":[{"href":"https:\/\/coreconms.org.br\/portal-transparencia\/wp-json\/wp\/v2\/pages\/53"}],"collection":[{"href":"https:\/\/coreconms.org.br\/portal-transparencia\/wp-json\/wp\/v2\/pages"}],"about":[{"href":"https:\/\/coreconms.org.br\/portal-transparencia\/wp-json\/wp\/v2\/types\/page"}],"author":[{"embeddable":true,"href":"https:\/\/coreconms.org.br\/portal-transparencia\/wp-json\/wp\/v2\/users\/1"}],"replies":[{"embeddable":true,"href":"https:\/\/coreconms.org.br\/portal-transparencia\/wp-json\/wp\/v2\/comments?post=53"}],"version-history":[{"count":4,"href":"https:\/\/coreconms.org.br\/portal-transparencia\/wp-json\/wp\/v2\/pages\/53\/revisions"}],"predecessor-version":[{"id":155,"href":"https:\/\/coreconms.org.br\/portal-transparencia\/wp-json\/wp\/v2\/pages\/53\/revisions\/155"}],"wp:attachment":[{"href":"https:\/\/coreconms.org.br\/portal-transparencia\/wp-json\/wp\/v2\/media?parent=53"}],"curies":[{"name":"wp","href":"https:\/\/api.w.org\/{rel}","templated":true}]}}