{"id":57,"date":"2017-10-05T16:38:08","date_gmt":"2017-10-05T19:38:08","guid":{"rendered":"http:\/\/coreconms.org.br\/portal-transparencia\/?page_id=57"},"modified":"2024-04-05T16:58:17","modified_gmt":"2024-04-05T19:58:17","slug":"relatorio-de-gestao","status":"publish","type":"page","link":"https:\/\/coreconms.org.br\/portal-transparencia\/relatorio-de-gestao\/","title":{"rendered":"Relat\u00f3rio de Gest\u00e3o"},"content":{"rendered":"<p style=\"text-align: left;\">Relat\u00f3rio de Gest\u00e3o apresentado aos \u00f3rg\u00e3os de controle interno e externo e \u00e0 sociedade como presta\u00e7\u00e3o de contas anual a que esta Unidade est\u00e1 obrigada nos termos do art. 70 da Constitui\u00e7\u00e3o Federal, elaborado de acordo com as disposi\u00e7\u00f5es da Instru\u00e7\u00e3o Normativa TCU n\u00ba 63, de 01 de setembro de 2010, Decis\u00e3o Normativa TCU n\u00ba 154, de 19 de outubro de 2016, Portaria TCU n\u00ba 59 de 17 de janeiro de 2017, das orienta\u00e7\u00f5es do \u00f3rg\u00e3o de controle interno.<\/p>\n<h4><a href=\"https:\/\/coreconms.org.br\/portal-transparencia\/wp-content\/uploads\/2024\/04\/Relatorio-de-Gestao-2023-Final.pdf\">Relat\u00f3rio de Gest\u00e3o Referente ao Exerc\u00edcio de 2023<\/a><\/h4>\n<h4><a href=\"http:\/\/coreconms.org.br\/portal-transparencia\/wp-content\/uploads\/2023\/03\/Relat\u00f3rio-de-Gest\u00e3o-Final-V.pdf\">Relat\u00f3rio de Gest\u00e3o Referente ao Exerc\u00edcio de 2022<\/a><\/h4>\n<h4><a href=\"http:\/\/coreconms.org.br\/portal-transparencia\/wp-content\/uploads\/2022\/04\/Relat\u00f3rio-de-Gest\u00e3o-2021-1.pdf\">Relat\u00f3rio de Gest\u00e3o Referente ao Exerc\u00edcio de 2021<\/a><\/h4>\n<h4><a href=\"http:\/\/coreconms.org.br\/portal-transparencia\/wp-content\/uploads\/2023\/06\/Relat\u00f3rio-de-Gest\u00e3o-2020-CORECON-MS.pdf\">Relat\u00f3rio de Gest\u00e3o Referente ao Exerc\u00edcio de 2020<\/a><\/h4>\n<h4><a href=\"http:\/\/coreconms.org.br\/portal-transparencia\/wp-content\/uploads\/2020\/08\/Relat\u00f3rio-de-Gest\u00e3o-2019-completo.pdf\">Relat\u00f3rio de Gest\u00e3o Referente ao Exerc\u00edcio de 2019<\/a><\/h4>\n<h4><strong><a href=\"http:\/\/coreconms.org.br\/portal-transparencia\/wp-content\/uploads\/2019\/06\/Relat\u00f3rio-de-Gest\u00e3o-2018-FINALIZADO.pdf\">Relat\u00f3rio de Gest\u00e3o Referente ao Exerc\u00edcio de 2018<\/a><\/strong><\/h4>\n<h4><a href=\"http:\/\/coreconms.org.br\/portal-transparencia\/wp-content\/uploads\/2019\/01\/Relat\u00f3rio-de-Gest\u00e3o-2017.pdf\">Relat\u00f3rio de Gest\u00e3o Referente ao Exerc\u00edcio de 2017<\/a><\/h4>\n<h4><strong><a href=\"http:\/\/coreconms.org.br\/portal-transparencia\/wp-content\/uploads\/2018\/03\/Relat\u00f3rio-de-Gest\u00e3o-Referente-ao-Exerc\u00edcio-de-2016.pdf\">Relat\u00f3rio de Gest\u00e3o Referente ao Exerc\u00edcio de 2016<\/a><\/strong><\/h4>\n<h4><a href=\"http:\/\/coreconms.org.br\/portal-transparencia\/wp-content\/uploads\/2018\/03\/Relat\u00f3rio-de-Gest\u00e3o-Referente-ao-Exerc\u00edcio-de-2015.pdf\">Relat\u00f3rio de Gest\u00e3o Referente ao Exerc\u00edcio de 2015<\/a><\/h4>\n<p>&nbsp;<\/p>\n","protected":false},"excerpt":{"rendered":"<p>Relat\u00f3rio de Gest\u00e3o apresentado aos \u00f3rg\u00e3os de controle interno e externo e \u00e0 sociedade como presta\u00e7\u00e3o de contas anual a que esta Unidade est\u00e1 obrigada nos termos do art. 70 da Constitui\u00e7\u00e3o Federal, elaborado de acordo com as disposi\u00e7\u00f5es da Instru\u00e7\u00e3o Normativa TCU n\u00ba 63, de 01 de setembro de 2010, Decis\u00e3o Normativa TCU n\u00ba &hellip; <a href=\"https:\/\/coreconms.org.br\/portal-transparencia\/relatorio-de-gestao\/\" class=\"more-link\">Continue reading <span class=\"screen-reader-text\">Relat\u00f3rio de Gest\u00e3o<\/span><\/a><\/p>\n","protected":false},"author":1,"featured_media":0,"parent":0,"menu_order":0,"comment_status":"closed","ping_status":"closed","template":"","meta":{"footnotes":""},"_links":{"self":[{"href":"https:\/\/coreconms.org.br\/portal-transparencia\/wp-json\/wp\/v2\/pages\/57"}],"collection":[{"href":"https:\/\/coreconms.org.br\/portal-transparencia\/wp-json\/wp\/v2\/pages"}],"about":[{"href":"https:\/\/coreconms.org.br\/portal-transparencia\/wp-json\/wp\/v2\/types\/page"}],"author":[{"embeddable":true,"href":"https:\/\/coreconms.org.br\/portal-transparencia\/wp-json\/wp\/v2\/users\/1"}],"replies":[{"embeddable":true,"href":"https:\/\/coreconms.org.br\/portal-transparencia\/wp-json\/wp\/v2\/comments?post=57"}],"version-history":[{"count":22,"href":"https:\/\/coreconms.org.br\/portal-transparencia\/wp-json\/wp\/v2\/pages\/57\/revisions"}],"predecessor-version":[{"id":1859,"href":"https:\/\/coreconms.org.br\/portal-transparencia\/wp-json\/wp\/v2\/pages\/57\/revisions\/1859"}],"wp:attachment":[{"href":"https:\/\/coreconms.org.br\/portal-transparencia\/wp-json\/wp\/v2\/media?parent=57"}],"curies":[{"name":"wp","href":"https:\/\/api.w.org\/{rel}","templated":true}]}}

Relatório de Gestão

<p style="text-align: left;">Relatório de Gestão apresentado aos órgãos de controle interno e externo e à sociedade como prestação de contas anual a que esta Unidade está obrigada nos termos do art. 70 da Constituição Federal, elaborado de acordo com as disposições da Instrução Normativa TCU nº 63, de 01 de setembro de 2010, Decisão Normativa TCU nº 154, de 19 de outubro de 2016, Portaria TCU nº 59 de 17 de janeiro de 2017, das orientações do órgão de controle interno.</p>
<h4><a href="https://coreconms.org.br/portal-transparencia/wp-content/uploads/2024/04/Relatorio-de-Gestao-2023-Final.pdf">Relatório de Gestão Referente ao Exercício de 2023</a></h4>
<h4><a href="http://coreconms.org.br/portal-transparencia/wp-content/uploads/2023/03/Relatório-de-Gestão-Final-V.pdf">Relatório de Gestão Referente ao Exercício de 2022</a></h4>
<h4><a href="http://coreconms.org.br/portal-transparencia/wp-content/uploads/2022/04/Relatório-de-Gestão-2021-1.pdf">Relatório de Gestão Referente ao Exercício de 2021</a></h4>
<h4><a href="http://coreconms.org.br/portal-transparencia/wp-content/uploads/2023/06/Relatório-de-Gestão-2020-CORECON-MS.pdf">Relatório de Gestão Referente ao Exercício de 2020</a></h4>
<h4><a href="http://coreconms.org.br/portal-transparencia/wp-content/uploads/2020/08/Relatório-de-Gestão-2019-completo.pdf">Relatório de Gestão Referente ao Exercício de 2019</a></h4>
<h4><strong><a href="http://coreconms.org.br/portal-transparencia/wp-content/uploads/2019/06/Relatório-de-Gestão-2018-FINALIZADO.pdf">Relatório de Gestão Referente ao Exercício de 2018</a></strong></h4>
<h4><a href="http://coreconms.org.br/portal-transparencia/wp-content/uploads/2019/01/Relatório-de-Gestão-2017.pdf">Relatório de Gestão Referente ao Exercício de 2017</a></h4>
<h4><strong><a href="http://coreconms.org.br/portal-transparencia/wp-content/uploads/2018/03/Relatório-de-Gestão-Referente-ao-Exercício-de-2016.pdf">Relatório de Gestão Referente ao Exercício de 2016</a></strong></h4>
<h4><a href="http://coreconms.org.br/portal-transparencia/wp-content/uploads/2018/03/Relatório-de-Gestão-Referente-ao-Exercício-de-2015.pdf">Relatório de Gestão Referente ao Exercício de 2015</a></h4>
<p>&nbsp;</p>

<p>Relatório de Gestão apresentado aos órgãos de controle interno e externo e à sociedade como prestação de contas anual a que esta Unidade está obrigada nos termos do art. 70 da Constituição Federal, elaborado de acordo com as disposições da Instrução Normativa TCU nº 63, de 01 de setembro de 2010, Decisão Normativa TCU nº &hellip; <a href="https://coreconms.org.br/portal-transparencia/relatorio-de-gestao/" class="more-link">Continue reading <span class="screen-reader-text">Relatório de Gestão</span></a></p>
